{"id":663,"date":"2019-06-27T02:13:11","date_gmt":"2019-06-27T07:13:11","guid":{"rendered":"http:\/\/www.gstrategy-ec.com\/?page_id=663"},"modified":"2021-06-10T01:16:23","modified_gmt":"2021-06-10T06:16:23","slug":"quienes-somos","status":"publish","type":"page","link":"https:\/\/www.gstrategy-ec.com\/?page_id=663","title":{"rendered":"Quienes somos"},"content":{"rendered":"\n<p>Great Strategy C\u00eda. Ltda. G&#8217;strategy Consultores, es una Compa\u00f1\u00eda que cuenta con un staff de profesionales con alta experiencia en sus distintas \u00e1reas de servicios tales como Finanzas, Administraci\u00f3n, Contabilidad, Tributaci\u00f3n, dise\u00f1o y evaluaci\u00f3n de controles y Auditor\u00eda, los cuales se encuentran al alcance de nuestros clientes.<\/p>\n\n\n\n<p>Pretendemos que la colaboraci\u00f3n de nuestro equipo de profesionales no sea solo la suma de aportes individuales, sino que la \u00f3ptima combinaci\u00f3n de \u00e9stos permita lograr una sinergia superior que contribuya a la excelencia de nuestros clientes<\/p>\n\n\n\n<p><em><strong>Nuestra Misi\u00f3n.-<\/strong><\/em> Brindar y acompa\u00f1ar a nuestros clientes, con profesionalismo, de tal forma que les permita una mejora continua, oportuna, sostenible e integral de sus negocios y con ellos afrontar los cambios y tendencias acorde con las necesidades del mercado.<\/p>\n\n\n\n<p><em><strong>Nuestra Visi\u00f3n.- <\/strong><\/em>Ser reconocidos a nivel local y nacional como un grupo l\u00edder en la prestaci\u00f3n de servicios de alto nivel y calidad.<\/p>\n\n\n\n<p><strong><em>Base de nuestros servicios<\/em><\/strong><\/p>\n\n\n\n<p>Los servicios que ofrecemos se basan en nuestros valores, \u00e9tica, integridad y conocimientos t\u00e9cnicos, los que han sido adquiridos por nuestros asesores a trav\u00e9s de la experiencia alcanzada por cada uno de ellos siendo este el mejor valor agregado para nuestros clientes.<\/p>\n\n\n\n<figure class=\"wp-block-image\"><img loading=\"lazy\" decoding=\"async\" width=\"618\" height=\"384\" src=\"https:\/\/www.gstrategy-ec.com\/wp-content\/uploads\/2009\/10\/baseservicios.jpg\" alt=\"\" class=\"wp-image-83\" srcset=\"https:\/\/www.gstrategy-ec.com\/wp-content\/uploads\/2009\/10\/baseservicios.jpg 618w, https:\/\/www.gstrategy-ec.com\/wp-content\/uploads\/2009\/10\/baseservicios-300x186.jpg 300w\" sizes=\"auto, (max-width: 618px) 100vw, 618px\" \/><\/figure>\n\n\n\n<p><\/p>\n","protected":false},"excerpt":{"rendered":"<p>Great Strategy C\u00eda. Ltda. G&#8217;strategy Consultores, es una Compa\u00f1\u00eda que cuenta con un staff de profesionales con alta experiencia en sus distintas \u00e1reas de servicios tales como Finanzas, Administraci\u00f3n, Contabilidad, Tributaci\u00f3n, dise\u00f1o y evaluaci\u00f3n de controles y Auditor\u00eda, los cuales se encuentran al alcance de nuestros clientes. Pretendemos que la colaboraci\u00f3n de nuestro equipo de [&hellip;]<\/p>\n","protected":false},"author":381,"featured_media":778,"parent":0,"menu_order":1,"comment_status":"closed","ping_status":"closed","template":"","meta":{"footnotes":""},"class_list":["post-663","page","type-page","status-publish","has-post-thumbnail","hentry"],"_links":{"self":[{"href":"https:\/\/www.gstrategy-ec.com\/index.php?rest_route=\/wp\/v2\/pages\/663","targetHints":{"allow":["GET"]}}],"collection":[{"href":"https:\/\/www.gstrategy-ec.com\/index.php?rest_route=\/wp\/v2\/pages"}],"about":[{"href":"https:\/\/www.gstrategy-ec.com\/index.php?rest_route=\/wp\/v2\/types\/page"}],"author":[{"embeddable":true,"href":"https:\/\/www.gstrategy-ec.com\/index.php?rest_route=\/wp\/v2\/users\/381"}],"replies":[{"embeddable":true,"href":"https:\/\/www.gstrategy-ec.com\/index.php?rest_route=%2Fwp%2Fv2%2Fcomments&post=663"}],"version-history":[{"count":4,"href":"https:\/\/www.gstrategy-ec.com\/index.php?rest_route=\/wp\/v2\/pages\/663\/revisions"}],"predecessor-version":[{"id":801,"href":"https:\/\/www.gstrategy-ec.com\/index.php?rest_route=\/wp\/v2\/pages\/663\/revisions\/801"}],"wp:featuredmedia":[{"embeddable":true,"href":"https:\/\/www.gstrategy-ec.com\/index.php?rest_route=\/wp\/v2\/media\/778"}],"wp:attachment":[{"href":"https:\/\/www.gstrategy-ec.com\/index.php?rest_route=%2Fwp%2Fv2%2Fmedia&parent=663"}],"curies":[{"name":"wp","href":"https:\/\/api.w.org\/{rel}","templated":true}]}}