{"id":109,"date":"2009-10-13T18:09:10","date_gmt":"2009-10-13T23:09:10","guid":{"rendered":"http:\/\/gstrategy-ec.com\/?page_id=109"},"modified":"2009-12-14T14:48:57","modified_gmt":"2009-12-14T19:48:57","slug":"caracteristicas","status":"publish","type":"page","link":"https:\/\/www.gstrategy-ec.com\/?page_id=109","title":{"rendered":"Caracter\u00edsticas"},"content":{"rendered":"<p style=\"text-align:justify;\"><a href=\"http:\/\/gstrategy.files.wordpress.com\/2009\/10\/ventanapiramide.jpg\"><img loading=\"lazy\" decoding=\"async\" class=\"alignleft size-full wp-image-110\" title=\"VentanaPiramide\" src=\"http:\/\/gstrategy.files.wordpress.com\/2009\/10\/ventanapiramide.jpg\" alt=\"VentanaPiramide\" width=\"234\" height=\"168\" \/><\/a>Al ser nuestro sistema desarrollado con herramientas de avanzada en ambiente cien por ciento gr\u00e1fico utiliza mecanismos de programaci\u00f3n contempor\u00e1neos como son: Programaci\u00f3n orientada a objetos,\u00a0 distribuci\u00f3n de cargas y procesos y comportamiento din\u00e1mico, garantizando de esta manera la escalabilidad del software, la seguridad en las transacciones y la f\u00e1cil y r\u00e1pida adaptaci\u00f3n a cambios requeridos por nuestros clientes, otorg\u00e1ndole las siguientes caracter\u00edsticas:<\/p>\n<ul>\n<li>Multiusuario<\/li>\n<li>Multiempresa<\/li>\n<li>Manejo de centros de costos<\/li>\n<li>Costeo por recetas<a href=\"http:\/\/gstrategy.files.wordpress.com\/2009\/10\/redcompu.jpg\"><img loading=\"lazy\" decoding=\"async\" class=\"alignright size-full wp-image-112\" title=\"RedCompu\" src=\"http:\/\/gstrategy.files.wordpress.com\/2009\/10\/redcompu.jpg\" alt=\"RedCompu\" width=\"194\" height=\"147\" \/><\/a><\/li>\n<li>Cat\u00e1logo de auxiliares<\/li>\n<li>Aprobaci\u00f3n electr\u00f3nica de documentos<\/li>\n<li>Men\u00fas din\u00e1micos por usuarios<\/li>\n<li>Sincronizaci\u00f3n remota de transacciones<\/li>\n<li> Integraci\u00f3n contable<\/li>\n<\/ul>\n<p><a href=\"https:\/\/www.gstrategy-ec.com\/?page_id=103\">Regresar<\/a><\/p>\n","protected":false},"excerpt":{"rendered":"<p>Al ser nuestro sistema desarrollado con herramientas de avanzada en ambiente cien por ciento gr\u00e1fico utiliza mecanismos de programaci\u00f3n contempor\u00e1neos como son: Programaci\u00f3n orientada a objetos,\u00a0 distribuci\u00f3n de cargas y procesos y comportamiento din\u00e1mico, garantizando de esta manera la escalabilidad del software, la seguridad en las transacciones y la f\u00e1cil y r\u00e1pida adaptaci\u00f3n a cambios [&hellip;]<\/p>\n","protected":false},"author":381,"featured_media":0,"parent":103,"menu_order":1,"comment_status":"closed","ping_status":"closed","template":"","meta":{"footnotes":""},"class_list":["post-109","page","type-page","status-publish","hentry"],"_links":{"self":[{"href":"https:\/\/www.gstrategy-ec.com\/index.php?rest_route=\/wp\/v2\/pages\/109","targetHints":{"allow":["GET"]}}],"collection":[{"href":"https:\/\/www.gstrategy-ec.com\/index.php?rest_route=\/wp\/v2\/pages"}],"about":[{"href":"https:\/\/www.gstrategy-ec.com\/index.php?rest_route=\/wp\/v2\/types\/page"}],"author":[{"embeddable":true,"href":"https:\/\/www.gstrategy-ec.com\/index.php?rest_route=\/wp\/v2\/users\/381"}],"replies":[{"embeddable":true,"href":"https:\/\/www.gstrategy-ec.com\/index.php?rest_route=%2Fwp%2Fv2%2Fcomments&post=109"}],"version-history":[{"count":1,"href":"https:\/\/www.gstrategy-ec.com\/index.php?rest_route=\/wp\/v2\/pages\/109\/revisions"}],"predecessor-version":[{"id":236,"href":"https:\/\/www.gstrategy-ec.com\/index.php?rest_route=\/wp\/v2\/pages\/109\/revisions\/236"}],"up":[{"embeddable":true,"href":"https:\/\/www.gstrategy-ec.com\/index.php?rest_route=\/wp\/v2\/pages\/103"}],"wp:attachment":[{"href":"https:\/\/www.gstrategy-ec.com\/index.php?rest_route=%2Fwp%2Fv2%2Fmedia&parent=109"}],"curies":[{"name":"wp","href":"https:\/\/api.w.org\/{rel}","templated":true}]}}